 19.
19
What is the highest common divisor of 6235288 and 94872?
536
What is the greatest common factor of 76 and 89600960?
76
What is the greatest common divisor of 457140 and 352078?
802
What is the highest common divisor of 36730 and 14810?
10
Calculate the highest common divisor of 879336 and 2664.
72
What is the greatest common factor of 5179128 and 24?
24
Calculate the greatest common divisor of 195110 and 159310.
1790
Calculate the highest common factor of 242850 and 3550.
50
What is the highest common divisor of 218 and 179378357?
109
Calculate the highest common factor of 471087 and 7684.
17
Calculate the highest common divisor of 11226925 and 140.
5
Calculate the highest common factor of 3615924 and 1521.
507
Calculate the highest common divisor of 35466 and 5682.
6
Calculate the greatest common divisor of 460507910 and 1830.
610
Calculate the highest common divisor of 10584 and 147042.
378
Calculate the greatest common factor of 814 and 4038883.
37
Calculate the greatest common divisor of 1179492 and 392256.
2724
What is the greatest common factor of 1877813 and 455?
7
What is the greatest common divisor of 1191 and 33438?
3
Calculate the greatest common factor of 660 and 80400540.
660
What is the greatest common factor of 127080 and 2884010?
3530
What is the highest common factor of 15666 and 56406?
42
What is the highest common divisor of 8 and 1012455660?
4
What is the highest common divisor of 1497 and 65592552?
1497
What is the greatest common factor of 4422 and 320300334?
402
Calculate the greatest common factor of 200546 and 1497478.
1018
What is the highest common divisor of 241950 and 54?
6
Calculate the highest common factor of 15 and 139137.
3
Calculate the highest common factor of 3009 and 25891.
17
Calculate the greatest common factor of 1932217 and 170422.
2303
Calculate the greatest common factor of 6943160 and 560.
280
What is the greatest common divisor of 315813763 and 57?
19
What is the highest common factor of 8 and 110331924?
4
What is the greatest common divisor of 9516868 and 64?
4
Calculate the highest common divisor of 48357 and 10547.
199
Calculate the greatest common divisor of 924 and 113789544.
132
What is the highest common divisor of 5668 and 1290068?
52
Calculate the greatest common divisor of 773959625 and 375.
125
What is the highest common factor of 26749075 and 575?
25
Calculate the greatest common divisor of 20 and 20837276.
4
What is the highest common factor of 322326445 and 17255?
1015
Calculate the greatest common divisor of 83852 and 12440.
4
Calculate the highest common divisor of 136 and 34496689.
17
Calculate the highest common factor of 32090 and 175.
5
Calculate the greatest common divisor of 50001760 and 206584.
4216
Calculate the greatest common divisor of 721847573 and 10058.
5029
What is the highest common factor of 289373064 and 8358?
1194
Calculate the highest common factor of 47753 and 320484.
17
What is the highest common factor of 501598254 and 318?
318
What is the greatest common divisor of 7706375 and 50?
25
What is the greatest common factor of 4191961047 and 10301?
10301
What is the greatest common divisor of 1691804 and 6040?
604
Calculate the greatest common factor of 82544 and 102443.
737
What is the greatest common divisor of 243 and 50229?
9
Calculate the highest common divisor of 16751 and 117243.
7
Calculate the highest common factor of 18667426 and 808.
202
Calculate the greatest common divisor of 2327252 and 1492.
4
Calculate the highest common factor of 14828352 and 54208.
4928
What is the highest common factor of 17492864 and 24?
8
What is the highest common factor of 101419673 and 115?
23
Calculate the greatest common factor of 1423 and 75088864.
1423
What is the greatest common factor of 3406 and 53552014?
262
Calculate the highest common factor of 1311000 and 5160.
120
What is the greatest common divisor of 268351675 and 25?
25
What is the greatest common factor of 2940 and 6387486?
42
What is the greatest common factor of 3254328 and 18249?
231
What is the highest common divisor of 563706 and 15841?
73
What is the highest common divisor of 64980066 and 2516?
74
Calculate the highest common factor of 3488 and 74447.
109
Calculate the greatest common divisor of 105 and 34077715.
35
Calculate the highest common divisor of 144522329 and 21.
7
What is the greatest common factor of 4188 and 22692?
12
What is the highest common divisor of 1701 and 4595373?
243
What is the greatest common factor of 105 and 134232?
21
What is the highest common factor of 90357602 and 1285?
257
What is the greatest common factor of 17878 and 1456?
14
Calculate the greatest common divisor of 260876 and 3212.
44
What is the highest common divisor of 48 and 55381392?
48
What is the highest common factor of 511 and 16366819?
511
What is the greatest common divisor of 4017710 and 10130?
10
What is the greatest common divisor of 20445 and 6159165?
435
Calculate the greatest common factor of 259259721 and 105.
21
What is the highest common factor of 5218566 and 5728?
358
What is the greatest common divisor of 458793 and 204117?
57
Calculate the highest common divisor of 154991408 and 2288.
2288
What is the highest common divisor of 94274805 and 17685?
1965
Calculate the greatest common factor of 4485 and 4103385.
195
Calculate the highest common factor of 16192 and 1252856.
2024
What is the greatest common factor of 325 and 55000738?
13
Calculate the greatest common divisor of 705 and 7653903.
141
Calculate the greatest common divisor of 256509786 and 52.
26
What is the highest common divisor of 772128 and 1588608?
2016
What is the greatest common divisor of 111216 and 661338?
1986
Calculate the greatest common factor of 25513 and 595029.
823
Calculate the highest common factor of 5574 and 1719579.
2787
What is the greatest common factor of 315 and 1240029?
63
What is the highest common factor of 396828 and 99900?
36
What is the greatest common divisor of 1 and 17663947?
1
Calculate the greatest common factor of 6173750 and 1313125.
6875
Calculate the highest common factor of 294711 and 19686.
579
Calculate the greatest common divisor of 566151 and 395718.
1959
What is the greatest common factor of 5735420 and 340?
20
Calculate the highest common divisor of 15426990 and 110.
10
What is the greatest common divisor of 88148454 and 2874?
2874
Calculate the greatest common divisor of 208347916 and 56.
28
Calculate the highest common factor of 6324 and 5348523.
1581
Calculate the greatest common divisor of 5 and 563234.
1
Calculate the highest common divisor of 7260 and 9503219.
121
What is the highest common factor of 14898 and 1005042?
1146
Calculate the greatest common factor of 62853 and 2071083.
1533
Calculate the greatest common factor of 20736 and 1933056.
2304
What is the highest common divisor of 1944 and 579708?
36
What is the greatest common divisor of 2130623 and 418?
11
Calculate the greatest common factor of 1122 and 2355078.
1122
Calculate the highest common factor of 704 and 125289296.
176
Calculate the greatest common divisor of 3266 and 258157704.
3266
What is the highest common divisor of 299817420 and 4542?
4542
What is the greatest common factor of 12192985 and 322385?
2135
Calculate the greatest common divisor of 1223 and 15559006.
1223
Calculate the greatest common factor of 6027 and 911922.
123
What is the greatest common factor of 26019 and 1196343?
531
What is the highest common divisor of 24072 and 47028664?
8024
What is the highest common factor of 51000 and 2840?
40
What is the greatest common factor of 118548 and 1959372?
1332
Calculate the greatest common factor of 843970 and 5690.
10
Calculate the highest common factor of 1105 and 3165995.
85
Calculate the greatest common divisor of 623 and 8347283.
7
What is the greatest common divisor of 260905204 and 14504?
7252
Calculate the highest common divisor of 1390 and 25744190.
1390
Calculate the greatest common divisor of 79187640 and 840.
840
What is the highest common divisor of 154 and 137399372?
22
Calculate the highest common factor of 4851 and 42318507.
1617
Calculate the highest common divisor of 8156344 and 147.
49
Calculate the highest common factor of 172 and 63484942.
86
Calculate the greatest common div